l) = -l**2 - 6*l + 3. Let a(m) = 2*p(m) - 3*r(m). Let x be a(-6). What is the units digit of (-2 + (-7 - 2))*x?
1
Let k = -37 - -40. What is the units digit of k?
3
Let q be 42/4 + (-6)/4. What is the units digit of 6/(-2) - -1*q?
6
Let r(p) be the first derivative of p**4/4 + 13*p**3/3 - p**2 + p - 6. What is the tens digit of r(-13)?
2
Suppose -2*b - 16 = -2*v - 2, -5*v + 35 = b. What is the units digit of v?
7
Suppose 0*x + 2*x - 6 = 0. What is the units digit of (-1 - 1)*(x + -16)?
6
Let v be ((-7)/7)/(2/(-10)). Suppose -206 + 71 = -v*w. What is the tens digit of w?
2
Suppose 0 = -g - 2*g + 9. Suppose -7 = -5*a + g. Suppose -u - 1 = 0, 2*u = -4*s + a*s. What is the units digit of s?
1
Let u(w) = -41*w**3 + w**2 - w - 1. What is the units digit of u(-1)?
2
Let u(z) = -2*z - 15. Let p be u(-11). Suppose 5*f - p = 28. What is the units digit of f?
7
Let y(w) = w + 7. Let c(d) = 2*d + 14. Let j(k) = 3*c(k) - 5*y(k). Let o be j(0). Suppose -8 = -l + o. What is the tens digit of l?
1
Let n(k) = 3*k**2 - 8*k - 10. What is the tens digit of n(-4)?
7
Suppose -20*h + 17*h = -156. What is the units digit of h?
2
Suppose -2*n + 115 + 69 = 0. What is the units digit of n?
2
Let z be -3 - (2 - (1 - 2)). Let a = -1 - z. What is the units digit of a?
5
Let v(y) = -11*y - 5. What is the tens digit of v(-4)?
3
What is the tens digit of 14/49 - (-180)/7?
2
Let i(t) = -t**2 - 5*t - 3. Let u be -3*((2 - 5) + 4). Let a be i(u). Suppose -a*g + 11 = -25. What is the units digit of g?
2
Let k = 52 + 32. Suppose 5*y - k = 3*y. What is the units digit of y?
2
Let u be -30*(-1)/2*1. What is the units digit of 190/6 + 5/u?
2
Suppose 3*h + 3 = -3. What is the units digit of (-340)/(-55) + h/11?
6
Let v = -119 - -196. What is the units digit of v?
7
Let a be (-128)/(-6) + 6/(-18). Suppose a = 5*j - 2*j - 3*q, -13 = -4*j + q. What is the units digit of j?
2
Let i(q) = -q**3 + 2*q**2 + 2*q - 1. Let w be i(2). Suppose 2*d - 32 = 4*n + 10, -w*d - 5*n = -8. What is the units digit of d?
1
Suppose 0 = -2*o - 0*o + 130. Suppose 3*f = -3*s + 60, 2*f - 7*f + o = -2*s. What is the units digit of (-2)/(5/(f/(-6)))?
1
Let w be (-2)/(-2) + 27 + -2. Suppose -3*s + w = -2*s. Let a = 36 - s. What is the tens digit of a?
1
What is the hundreds digit of (18/15)/((-12)/(-2190))?
2
Let l = 3 - 1. Suppose l*w + 2 = 10. Suppose 0*a + w = 2*a. What is the units digit of a?
2
Let h(b) = -b**2 + 26. Let j be h(0). Suppose 0 = 4*g - 3*g - j. What is the units digit of g?
6
Let i(t) = -t**3 + 4*t**2 + t + 4. Suppose -3*j + 5*j = 8. Let u be i(j). What is the units digit of (-5)/20 - (-42)/u?
5
What is the units digit of (-3367)/(-49) - 4/(-14)?
9
Suppose 0*i = -5*i + 45. Let x = -2 - -4. Let o = i + x. What is the units digit of o?
1
Let d be (12/4)/((-3)/(-2)). Suppose -4 = -n - d. What is the units digit of (18 + -9)*(-1 + n)?
9
Let t(g) = -2 + 3*g**2 - 2 + g**2 + 7*g - 3*g**2. Let x(o) = -8*o**2 - o - 1. Let d be x(-1). What is the units digit of t(d)?
4
Let q(h) be the first derivative of h**4 - h**3 + h**2 - 3*h - 1. Let r be q(2). Let i = r - 9. What is the units digit of i?
2
Suppose 8 = -3*s - 5*c - 9, c = -2*s - 2. Let b(m) = -3*m + m**2 + 3*m. What is the units digit of b(s)?
1
What is the units digit of 4/(-26) - 132/(-13)?
0
Suppose 4*h - 4*q = 56, 2*h + 3*q - 11 = 7. Let f be (2/4 + 0)*4. Let y = h - f. What is the units digit of y?
0
Let y(c) = -c**3 + 6*c**2 + 9*c + 9. What is the units digit of y(7)?
3
Suppose -3*o + 76 - 10 = 0. Suppose 4*j + 258 = j. What is the units digit of j/(-11) + 4/o?
8
Let w be 106/(-6) + 1/(-3). Let p = w + 36. What is the units digit of p?
8
Let i be -2*((-7)/(-2) + -1). Let j(c) = c**3 + 4*c**2 - 6*c - 2. What is the units digit of j(i)?
3
Suppose v - 5*v - 32 = 0. Let w(j) be the third derivative of -j**5/60 - j**4/3 + 2*j**3/3 + j**2. What is the units digit of w(v)?
4
Let z(s) = -s**3 + 20*s - 4. What is the units digit of z(-6)?
2
Let h = -13 + 69. Let z = 17 + -15. Suppose -4*r + h = -3*x + 11, r = z*x + 15. What is the units digit of r?
9
Suppose -11 - 5 = -4*b, 5*b - 185 = -5*l. Let p = l - 15. What is the tens digit of p?
1
Suppose -3*y - 11 = l, l + l - 5*y = 33. Let i = 1 + l. Suppose 0 = -2*v + 4*c + 14, 4*v - 3*v + i*c = 21. What is the tens digit of v?
1
Suppose -10 + 4 = -b. Suppose -3*i = -a + b*a, 0 = -5*i + 5*a. Suppose i + 1 = x. What is the units digit of x?
1
Suppose 2 - 22 = -m - 4*u, 2*m - 5*u = 66. What is the units digit of m?
8
Let b(o) = 33*o - 7. What is the tens digit of b(3)?
9
Let c(v) = 7*v**2 + 7*v + 3. What is the tens digit of c(-5)?
4
Let l(c) = c**2 + 8*c + 1. Let q be l(-7). Let d(x) = x**3 + 6*x**2 - 2*x + 2. What is the units digit of d(q)?
4
Let v(h) = h**2 + h - 2. Let a be v(-2). Suppose 0 = 5*g - 3*q - 266, -4*g = -a*g + 5*q - 235. What is the units digit of g?
5
Suppose 500 = 4*n - 3*u, n + n = -3*u + 232. What is the tens digit of n?
2
Let r be (-2)/8 + (-2406)/(-24). Suppose 5*f + r = 3*g, 4*g + 3*f + f = 112. What is the units digit of g?
0
Let y = 81 - 24. What is the units digit of y?
7
Let r(m) = -3 - m + 1 - 6*m + 1. Let n = -1 - 0. What is the units digit of r(n)?
6
Let a = 7 + -19. Let s = a - -17. Suppose 0 = -4*h - 5*u + 23, h + u = 5*h - s. What is the units digit of h?
2
What is the units digit of 2 + (-1 + 0)*-3?
5
Let x = 45 - -103. What is the tens digit of x?
4
Let z(d) = 16*d**2 - 1. Let v(h) = 16*h**2 - 1. Let g(m) = 4*v(m) - 3*z(m). Let w be g(1). Let i = w + -9. What is the units digit of i?
6
Let a be 1 - (3/3)/(-1). Suppose y - 20 = 3*g, g = -3*g + a*y - 28. Let t = -3 - g. What is the units digit of t?
3
Suppose 7*h - 2*h + 26 = 2*t, 30 = 4*t + h. Let m = t - 8. Suppose 5*i = -m*i + 40. What is the units digit of i?
8
What is the tens digit of (-60)/6*(-6 - -1)?
5
Suppose 52 = 4*o - 104. What is the units digit of o?
9
Suppose 58 = 2*m - 4. What is the units digit of m?
1
Let w(o) be the first derivative of 11*o**2/2 - o - 1. Let p = 2 + -1. What is the tens digit of w(p)?
1
Let i = 22 - 12. What is the tens digit of i?
1
Let k(m) be the third derivative of m**5/60 + 7*m**4/24 + 5*m**3/6 + 5*m**2. What is the tens digit of k(-9)?
2
Let a(t) = 2*t - 2. Suppose b + 3*b = -2*j, 0 = b + 1. Suppose j*d = 5*d - 9. What is the units digit of a(d)?
4
Suppose 3*a = d + 2*d + 3, -3*a - 1 = d. Let j be -2*(8 + a + -1). What is the units digit of (-1)/(2 - j/(-6))?
3
Let z(g) = 16*g**2. Let y be z(1). Let q = -4 + y. What is the tens digit of q?
1
Let h(l) = 232*l**2 - 2*l - 3. What is the hundreds digit of h(-1)?
2
Let b(q) = -q**2 + 23*q + 18. What is the hundreds digit of b(11)?
1
Let p = 11 + -7. Let t(k) = 2*k**2 - 7*k + 5. What is the units digit of t(p)?
9
What is the units digit of (3 + 125/(-10))/(1/(-10))?
5
Suppose 2*a = -2*a. Suppose 4*l - 51 + 7 = a. What is the units digit of l?
1
Let s(o) = -3 - 20*o + 2 + 5*o. Let m be s(-2). Suppose -2*b + 28 = 2*b + 2*y, -5*y = -b + m. What is the units digit of b?
9
Let r(n) = n**2 - n. Let c(s) = -4*s**2 + 6*s - 1. Let w(i) = -c(i) - 3*r(i). What is the units digit of w(5)?
1
Suppose -m = 3*h - 8 - 10, 4*m = -4*h + 24. What is the units digit of 7 + (-2)/(h/(-3))?
8
Let k = -24 + 29. What is the units digit of k?
5
Let y = 43 + -71. Let p = -19 - y. What is the units digit of p?
9
Let x = 5 - -204. What is the hundreds digit of x?
2
Let a = 73 + -50. What is the tens digit of a?
2
What is the hundreds digit of ((-217)/(-5) - 1)/((-8)/(-20))?
1
Suppose 4*k + r - 3*r - 22 = 0, 5*r = -k - 11. Suppose -m + 55 = k*m. What is the units digit of m?
1
Suppose 5*w - 116 = 149. Let b = w + -11. What is the tens digit of b?
4
Let r(v) = -v**3 + 5*v**2 + v + 2. Let q be r(5). Suppose -2*u = 7 + q. What is the units digit of (-116)/(-14) - (-2)/u?
8
Suppose -2*f - d = 2*f + 68, -f - 20 = d. Let g = -2 - f. What is the tens digit of g?
1
Let r(t) = -t**3 - t**2 + t + 4. Let y be r(0). Let w(k) = 3*k - 6. What is the units digit of w(y)?
6
What is the hundreds digit of 1 - (-3 + 3 + (-3 - 249))?
2
Let w = 18 - -38. What is the tens digit of w?
5
Suppose -3*w + 15 = -2*w. Let s be -18*(5 + -3)/(-4). Suppose -4*u + w = -s. What is the units digit of u?
6
What is the units digit of ((-8)/10)/(3/(-15))?
4
Let g = 14 + -4. What is the units digit of 79/9 - g